{"id":648,"date":"2015-08-15T21:39:32","date_gmt":"2015-08-15T20:39:32","guid":{"rendered":"http:\/\/hvezda.orlicemb.cz\/subdom\/hvezda\/?page_id=648"},"modified":"2018-06-30T22:40:20","modified_gmt":"2018-06-30T21:40:20","slug":"stezky","status":"publish","type":"page","link":"https:\/\/hvezda.orlicemb.cz\/subdom\/hvezda\/stezky\/","title":{"rendered":"Stezky"},"content":{"rendered":"<p>Pod touto z\u00e1lo\u017ekou najdete z\u00e1kladn\u00ed informace o stezk\u00e1ch, kter\u00e9 lze aktu\u00e1ln\u011b plnit.<\/p>\n<p style=\"text-align: center;\"><a href=\"http:\/\/hvezda.orlicemb.cz\/subdom\/hvezda\/skauting\/novackovska-zkouska\/\"><img loading=\"lazy\" decoding=\"async\" class=\"wp-image-1287 alignleft\" src=\"http:\/\/hvezda.orlicemb.cz\/subdom\/hvezda\/wp-content\/uploads\/2018\/06\/Nov\u00e1\u010dkovsk\u00e1-zkou\u0161ka-n\u00e1hled-213x300.jpg\" alt=\"\" width=\"211\" height=\"297\" srcset=\"https:\/\/hvezda.orlicemb.cz\/subdom\/hvezda\/wp-content\/uploads\/2018\/06\/Nov\u00e1\u010dkovsk\u00e1-zkou\u0161ka-n\u00e1hled-213x300.jpg 213w, https:\/\/hvezda.orlicemb.cz\/subdom\/hvezda\/wp-content\/uploads\/2018\/06\/Nov\u00e1\u010dkovsk\u00e1-zkou\u0161ka-n\u00e1hled.jpg 639w\" sizes=\"auto, (max-width: 211px) 100vw, 211px\" \/><\/a><a href=\"http:\/\/hvezda.orlicemb.cz\/subdom\/hvezda\/skauting\/cesta-zeme\/\"><img loading=\"lazy\" decoding=\"async\" class=\"size-medium wp-image-1276 alignnone\" src=\"http:\/\/hvezda.orlicemb.cz\/subdom\/hvezda\/wp-content\/uploads\/2018\/06\/Cesta-Zem\u011b-Vody-n\u00e1hled-211x300.jpg\" alt=\"\" width=\"211\" height=\"300\" srcset=\"https:\/\/hvezda.orlicemb.cz\/subdom\/hvezda\/wp-content\/uploads\/2018\/06\/Cesta-Zem\u011b-Vody-n\u00e1hled-211x300.jpg 211w, https:\/\/hvezda.orlicemb.cz\/subdom\/hvezda\/wp-content\/uploads\/2018\/06\/Cesta-Zem\u011b-Vody-n\u00e1hled.jpg 677w\" sizes=\"auto, (max-width: 211px) 100vw, 211px\" \/><\/a><a href=\"http:\/\/hvezda.orlicemb.cz\/subdom\/hvezda\/skauting\/cesta-vzduchu\/\"><img loading=\"lazy\" decoding=\"async\" class=\"size-medium wp-image-1280 alignright\" src=\"http:\/\/hvezda.orlicemb.cz\/subdom\/hvezda\/wp-content\/uploads\/2018\/06\/Cesta-Vzduchu-Ohn\u011b-n\u00e1hled-212x300.jpg\" alt=\"\" width=\"212\" height=\"300\" srcset=\"https:\/\/hvezda.orlicemb.cz\/subdom\/hvezda\/wp-content\/uploads\/2018\/06\/Cesta-Vzduchu-Ohn\u011b-n\u00e1hled-212x300.jpg 212w, https:\/\/hvezda.orlicemb.cz\/subdom\/hvezda\/wp-content\/uploads\/2018\/06\/Cesta-Vzduchu-Ohn\u011b-n\u00e1hled.jpg 679w\" sizes=\"auto, (max-width: 212px) 100vw, 212px\" \/><\/a><\/p>\n<p>&nbsp;<\/p>\n<p>&nbsp;<\/p>\n<p>&nbsp;<\/p>\n<p>&nbsp;<\/p>\n<p>&nbsp;<\/p>\n<p>&nbsp;<\/p>\n<p>&nbsp;<\/p>\n<p>&nbsp;<\/p>\n<p>&nbsp;<\/p>\n","protected":false},"excerpt":{"rendered":"<p>Pod touto z\u00e1lo\u017ekou najdete z\u00e1kladn\u00ed informace o stezk\u00e1ch, kter\u00e9 lze aktu\u00e1ln\u011b plnit. &nbsp; &nbsp; &nbsp; &nbsp; &nbsp; &nbsp; &nbsp; &nbsp; &nbsp;<\/p>\n","protected":false},"author":2,"featured_media":0,"parent":0,"menu_order":0,"comment_status":"open","ping_status":"open","template":"","meta":{"footnotes":""},"class_list":["post-648","page","type-page","status-publish","hentry"],"_links":{"self":[{"href":"https:\/\/hvezda.orlicemb.cz\/subdom\/hvezda\/wp-json\/wp\/v2\/pages\/648","targetHints":{"allow":["GET"]}}],"collection":[{"href":"https:\/\/hvezda.orlicemb.cz\/subdom\/hvezda\/wp-json\/wp\/v2\/pages"}],"about":[{"href":"https:\/\/hvezda.orlicemb.cz\/subdom\/hvezda\/wp-json\/wp\/v2\/types\/page"}],"author":[{"embeddable":true,"href":"https:\/\/hvezda.orlicemb.cz\/subdom\/hvezda\/wp-json\/wp\/v2\/users\/2"}],"replies":[{"embeddable":true,"href":"https:\/\/hvezda.orlicemb.cz\/subdom\/hvezda\/wp-json\/wp\/v2\/comments?post=648"}],"version-history":[{"count":6,"href":"https:\/\/hvezda.orlicemb.cz\/subdom\/hvezda\/wp-json\/wp\/v2\/pages\/648\/revisions"}],"predecessor-version":[{"id":1288,"href":"https:\/\/hvezda.orlicemb.cz\/subdom\/hvezda\/wp-json\/wp\/v2\/pages\/648\/revisions\/1288"}],"wp:attachment":[{"href":"https:\/\/hvezda.orlicemb.cz\/subdom\/hvezda\/wp-json\/wp\/v2\/media?parent=648"}],"curies":[{"name":"wp","href":"https:\/\/api.w.org\/{rel}","templated":true}]}}