{"id":160,"date":"2014-11-01T17:09:38","date_gmt":"2014-11-01T16:09:38","guid":{"rendered":"http:\/\/hvezda.orlicemb.cz\/subdom\/hvezda\/?page_id=160"},"modified":"2025-01-15T13:10:50","modified_gmt":"2025-01-15T12:10:50","slug":"zajimave-odkazy","status":"publish","type":"page","link":"https:\/\/hvezda.orlicemb.cz\/subdom\/hvezda\/zajimave-odkazy\/","title":{"rendered":"Zaj\u00edmav\u00e9 odkazy"},"content":{"rendered":"<h3>\u00dast\u0159ed\u00ed Jun\u00e1ka<\/h3>\n<p>Skautsk\u00e9 web pro ve\u0159ejnost &#8211; <a href=\"http:\/\/www.skaut.cz\/\">www.skaut.cz<\/a><\/p>\n<p><span style=\"font-family: Trebuchet MS;\">Skautsk\u00e1 k\u0159i\u017eovatka &#8211; <a href=\"http:\/\/krizovatka.skaut.cz\/\">http:\/\/krizovatka.skaut.cz\/<\/a><\/span><\/p>\n<h3>Krajsk\u00e1 rada Jun\u00e1ka<\/h3>\n<p><span style=\"font-family: Trebuchet MS;\">KRJ Vyso\u010dina &#8211;\u00a0<a href=\"https:\/\/vysocina.skauting.cz\/krajska-rada\/\">https:\/\/vysocina.skauting.cz\/krajska-rada\/<\/a><\/span><\/p>\n<h3>Okresn\u00ed rada Jun\u00e1ka<\/h3>\n<p><span style=\"font-family: Trebuchet MS;\">ORJ\u00a0plk.Jind\u0159icha Svobody &#8211; <a href=\"http:\/\/www.abahoa.cz\/\">http:\/\/www.abahoa.cz\/<\/a><\/span><\/p>\n<h3>St\u0159edisko<\/h3>\n<p><span style=\"font-family: Trebuchet MS;\">St\u0159ediko Moravsk\u00e1 orlice &#8211; <\/span><a href=\"http:\/\/orlicemb.cz\"><span style=\"font-family: Trebuchet MS;\">www.orlicemb.cz<\/span><\/a><\/p>\n","protected":false},"excerpt":{"rendered":"<p>\u00dast\u0159ed\u00ed Jun\u00e1ka Skautsk\u00e9 web pro ve\u0159ejnost &#8211; www.skaut.cz Skautsk\u00e1 k\u0159i\u017eovatka &#8211; http:\/\/krizovatka.skaut.cz\/ Krajsk\u00e1 rada Jun\u00e1ka KRJ Vyso\u010dina &#8211;\u00a0https:\/\/vysocina.skauting.cz\/krajska-rada\/ Okresn\u00ed rada Jun\u00e1ka ORJ\u00a0plk.Jind\u0159icha Svobody &#8211; http:\/\/www.abahoa.cz\/ St\u0159edisko St\u0159ediko Moravsk\u00e1 orlice &#8211; [&hellip;]<\/p>\n","protected":false},"author":2,"featured_media":0,"parent":0,"menu_order":0,"comment_status":"open","ping_status":"open","template":"","meta":{"footnotes":""},"class_list":["post-160","page","type-page","status-publish","hentry"],"_links":{"self":[{"href":"https:\/\/hvezda.orlicemb.cz\/subdom\/hvezda\/wp-json\/wp\/v2\/pages\/160","targetHints":{"allow":["GET"]}}],"collection":[{"href":"https:\/\/hvezda.orlicemb.cz\/subdom\/hvezda\/wp-json\/wp\/v2\/pages"}],"about":[{"href":"https:\/\/hvezda.orlicemb.cz\/subdom\/hvezda\/wp-json\/wp\/v2\/types\/page"}],"author":[{"embeddable":true,"href":"https:\/\/hvezda.orlicemb.cz\/subdom\/hvezda\/wp-json\/wp\/v2\/users\/2"}],"replies":[{"embeddable":true,"href":"https:\/\/hvezda.orlicemb.cz\/subdom\/hvezda\/wp-json\/wp\/v2\/comments?post=160"}],"version-history":[{"count":10,"href":"https:\/\/hvezda.orlicemb.cz\/subdom\/hvezda\/wp-json\/wp\/v2\/pages\/160\/revisions"}],"predecessor-version":[{"id":1516,"href":"https:\/\/hvezda.orlicemb.cz\/subdom\/hvezda\/wp-json\/wp\/v2\/pages\/160\/revisions\/1516"}],"wp:attachment":[{"href":"https:\/\/hvezda.orlicemb.cz\/subdom\/hvezda\/wp-json\/wp\/v2\/media?parent=160"}],"curies":[{"name":"wp","href":"https:\/\/api.w.org\/{rel}","templated":true}]}}